{"version":"1.0","type":"rich","width":"560px","height":"140px","title":"Wann koaliert die AfD mit der CDU? \u2013 Benedikt Kaiser und Philip Stein diskutieren - Ist eine Koalition der AfD mit einer Mainstream-Partei \u2013 etwa der CDU \u2013 denkbar? In Sachsen und Th\u00fcringen wird diese Frage hei\u00df diskutiert. Auch wir m\u00fcssen dar\u00fcber sprechen.","url":"https:\/\/podcast.einprozent.de\/wann-koaliert-die-afd-mit-der-cdu-benedikt-kaiser-und-philip-stein-diskutieren-639\/","author_name":"Lagebesprechung - Der Podcast zur politischen Krise","author_url":"https:\/\/podcast.einprozent.de","thumbnail_url":"https:\/\/podcast.einprozent.de\/wp-content\/uploads\/2020\/03\/ep_lagebesprechung_podcast_cover.png","html":"<iframe width=\"560px\" height=\"140px\" src=\"https:\/\/podcast.einprozent.de\/wann-koaliert-die-afd-mit-der-cdu-benedikt-kaiser-und-philip-stein-diskutieren-639\/?standalonePlayer\"><\/iframe>"}

Wann koaliert die AfD mit der CDU? – Benedikt Kaiser und Philip Stein diskutieren - Ist eine Koalition der AfD mit einer Mainstream-Partei – etwa der CDU – denkbar? In Sachsen und Thüringen wird diese Frage heiß diskutiert. Auch wir müssen darüber sprechen.
